et s = 68 - 35. Let v = h - s. What is the units digit of v?
4
Let y(r) = r**2 - 10*r + 2. Let m be y(7). Let o be (3 + -13 - -2) + 1. Let w = o - m. What is the units digit of w?
2
Suppose -650 = -5*i - 5*i. What is the tens digit of i?
6
Let c(t) = -t - 6. Let b be c(-8). Suppose 5*f = -4*u + 82, b*u + 51 = 3*f + 5*u. What is the tens digit of f?
1
Let f = -75 - -111. What is the tens digit of f?
3
Suppose 58 = 2*q - 0*j - 2*j, 0 = -q - j + 25. Let n = 65 - q. What is the tens digit of n?
3
Suppose y - 1 = -3*i + i, -4*i + 5*y = 33. Let l(d) = -7*d**2 - 2*d - 8. Let s(t) = -t**2 - 1. Let h(k) = -l(k) + 5*s(k). What is the units digit of h(i)?
7
Let z(n) = -n**3 - 3*n**2 + 4*n + 2. Let k be z(-5). Let y = k - 21. Let t = -7 + y. What is the units digit of t?
4
Let t = -2 + 6. Suppose -l + t*y + 46 = 4*l, 0 = -3*l + 3*y + 27. What is the tens digit of l?
1
Let r(f) = 40*f. Let d(j) = -j**3 - 4*j**2 - 4*j - 2. Let c be d(-3). What is the tens digit of r(c)?
4
Let v(z) = z**3 - 4*z**2 - 6. What is the tens digit of v(5)?
1
Let v(z) = 2*z**2 + 13*z + 13. What is the units digit of v(-9)?
8
Suppose -3*f = -2*v - 71, 0 = 2*f + 4*v - 67 - 7. What is the tens digit of f?
2
Let b be -1*9/15*-5. Suppose 0 = 3*w + 3*j, j + 1 = -b. Suppose -4*a + w + 4 = 0. What is the units digit of a?
2
Suppose 6*g - 286 = -40. What is the units digit of g?
1
Let o = 3 + -6. What is the tens digit of o/((-3)/20) - 0?
2
What is the tens digit of 375/(-5)*12/(-15)?
6
Let o be 8/20 + 34/(-10). Let p = 7 + o. What is the units digit of p?
4
Suppose 4*z - 20 = 0, -37 - 36 = 4*n - z. Let t = -8 - n. What is the units digit of t?
9
Let q(z) = 2*z**2 - z + 2. What is the tens digit of q(4)?
3
Let b = 6 - 4. Suppose -b*l = -4 - 8. What is the units digit of l?
6
Let a(p) = 2*p + 14. What is the units digit of a(6)?
6
Let a(s) be the second derivative of -3*s**5/5 + s**4/12 - s**2/2 + 5*s. Suppose -2 = 4*y - 2*y. What is the tens digit of a(y)?
1
Let j be (-5)/25 + (-1)/(-5). Suppose -4*t + 3*f = -j*t - 32, -f = 4. What is the units digit of t?
5
Let c = 43 - 6. What is the tens digit of c?
3
Let u = -2 - 2. Let c be 1/(-4) + 55/u. Let w = 23 + c. What is the units digit of w?
9
Let n = -8 - -13. Suppose -9 = -5*t + 3*l, 4*l + 4 = n*t - 3. Suppose -t*a = 3*k - 5*a - 16, 4*k - 5*a = 12. What is the units digit of k?
8
Suppose u - 47 = 4*g - 214, 2*u = g - 47. Let t = g + -2. Suppose 5*r + l + 2*l - t = 0, -2*l = -r. What is the units digit of r?
6
Suppose 4*c = -z + 1, -3*z = 6*c - 2*c + 5. What is the tens digit of z*((-3)/(-1) + -10)?
2
Let r be (-11)/(-3) - (-10)/(-15). Suppose -4*h - 62 = -5*y - 0*h, -y + 8 = -3*h. Suppose -r*q + y = -q. What is the units digit of q?
7
Suppose 44 + 628 = 4*p. What is the hundreds digit of p?
1
Let z = 4 + -2. Let r be (-2 + -2 + z)*-1. Suppose 1 - 19 = -r*u. What is the units digit of u?
9
Let d be (18/6)/(0 + 1). Let a(g) = -d*g - g + 2 - g**2 - 2*g. What is the units digit of a(-6)?
2
Let k = 15 - -216. What is the tens digit of k?
3
Let h(n) = -n - 22. Let d be h(-12). What is the tens digit of 2/(-10) - 262/d?
2
What is the tens digit of (-10)/6*-3*7?
3
Let b = 2 - -11. What is the tens digit of b?
1
Suppose 0 = 16*s - 11*s - 335. What is the tens digit of s?
6
Suppose -2*f + 6 = -0*f. What is the units digit of 3/(2 + f/(-6))?
2
Let f be 14/63 - (-86)/18. Suppose 3*v + 4*n - 40 = 0, -f*v + 3*n + 55 = -2*n. What is the units digit of v?
2
Let b be 5 - -2*2/(-4). Suppose 13 = b*s - 35. What is the units digit of s?
2
Suppose l - 21 = -r + 6*r, 2*l - r = 15. Suppose -l = 3*o - 48. What is the tens digit of o?
1
Suppose 3*n + 2*n = 345. Suppose -4*o - n = -7*o. What is the tens digit of o?
2
Let y = -1 - -1. Suppose n + 3 = -y. Let z(p) = p**3 + 5*p**2 + 5*p + 4. What is the units digit of z(n)?
7
Let k be 2*2/4*4. Suppose k - 84 = -2*r. Suppose -2*x - 2*x = -r. What is the units digit of x?
0
Let b be (16/12)/((-1)/(-3)). What is the units digit of (-8)/14*(-14)/b?
2
Suppose 2*z - 31 - 27 = 0. Suppose 2*q - z + 1 = 0. What is the units digit of q?
4
Suppose 4*q = 5*u + 148, 2*u + 3*u = 20. Suppose -q = -5*c + 3*c. What is the tens digit of c?
2
What is the tens digit of (-4)/(-10) + (-219)/(-15)?
1
Suppose 4*n - 21 + 3 = -2*h, 3*n - 9 = -3*h. Suppose 3*a + 63 = n*a. What is the units digit of a?
1
Let v(x) = x**3 + 9*x**2 - x + 1. What is the units digit of v(-9)?
0
Let d be (48/(-20))/((-6)/20). Suppose -2*o + d = -0*o. What is the units digit of o?
4
Let a(q) = 20*q**3 + q**2 - q. Let c be a(1). Suppose -7*v + 2*v = -c. Suppose 12 = m - v*s + 2*s, -5*s = 3*m - 58. What is the units digit of m?
6
Let q(o) = o**3 - 23*o**2 + 52*o - 11. What is the units digit of q(21)?
9
Suppose -5*s = -v + 7, 3*s = -4*v - s + 4. What is the tens digit of -42*1*(-1)/v?
2
Suppose f + 4*l = -0*l + 23, -3*f - 5*l = -34. Suppose 3*m + m + 4*r - 24 = 0, 0 = 3*m - 5*r + 14. Suppose -f*b + m*b + 12 = 0. What is the tens digit of b?
1
Suppose -3*j + 2*j = -3. Let t be 18 - 4/6*j. What is the units digit of t/3*(-6)/(-4)?
8
Let t = -60 - -94. What is the tens digit of t?
3
Let m(p) = p. Let k = 8 - 1. What is the units digit of m(k)?
7
Let s(o) = o - 1. Let p(n) = n**3 - 7*n**2 + 6. Let k be p(7). What is the units digit of s(k)?
5
Let d = 124 + -81. Let q = -26 + d. What is the tens digit of q?
1
Let u = 8 - 2. Suppose 0 = -j - 2*h + u*h + 39, -3*j + 5*h = -110. What is the tens digit of j?
3
Let g(q) = -q**3 - 4*q**2 - q - 2. Let b be g(-4). What is the tens digit of (-474)/(-12) + (-3)/b?
3
Suppose 0 = -3*k - 5*c + 190, -k = -5*k + 5*c + 300. Suppose 0 = -2*f + 5*u + 15, 2*f + f - k = -2*u. What is the units digit of f?
0
Let p = -339 + 501. What is the tens digit of p?
6
Let d(h) = -h**2 - 15*h + 13. What is the tens digit of d(-12)?
4
Let u(b) = -19*b**3 + 2*b**2 + b. Suppose 0 = -5*f - 5*g + 5, -2*f + 5*g - 3 = 9. What is the tens digit of u(f)?
2
Let g be 1 + (12 - (-1 - -3)). Suppose 3*w - g = r, 5*w + 4*r + 5 = 4*w. Suppose w*j - 17 = 7. What is the units digit of j?
8
Suppose 0 = -4*o - 13 + 21. Suppose q = o - 0. What is the units digit of q?
2
What is the units digit of (-1 - -3)*(5 - 37/(-2))?
7
Let o = -3 - -3. Suppose o = k - 2 + 4. Let q(i) = -4*i - 2. What is the units digit of q(k)?
6
Let f = -25 + 46. What is the units digit of f?
1
Let f = 573 + -399. What is the tens digit of f?
7
What is the units digit of (-2)/(-6)*(48 - 0)?
6
Suppose 0 = -p - 3*p + 184. What is the units digit of p?
6
What is the units digit of -14*((-185)/(-10) - -3)/(-1)?
1
Let j = 3 - 3. Let l = j - -2. What is the units digit of ((-2)/4)/((-1)/l)?
1
Suppose 9*p = 218 + 241. What is the units digit of p?
1
Let q(w) = 3*w + 7. Let t be q(-5). Let j(n) = -n**2 - 11*n - 4. Let z be j(t). What is the units digit of (z/25)/((-1)/(-5))?
4
Suppose 0 = 40*l - 42*l + 38. What is the tens digit of l?
1
Let l = 122 + -99. What is the tens digit of l?
2
Let a be (4 + -2)/(2/(-4)). What is the units digit of (-60)/a*(-1)/(-3)?
5
Suppose -o + 2*d = -5 - 0, -3*d = 0. Suppose 2*i - 19 = i - 5*v, o*i - 37 = 4*v. What is the units digit of (-3)/6 + i/6?
1
Let y = 244 + 124. What is the units digit of y?
8
Suppose 4*g + 3*a - 107 = 221, -2*g + 164 = -a. What is the tens digit of g?
8
Suppose -4*c + 22 = c - z, -c - 5*z - 6 = 0. Suppose c*m = -2*m + 234. What is the tens digit of m?
3
Suppose 2*g + 4*x = 46, -4*x = -2 + 22. What is the tens digit of g?
3
Let h(u) = 3*u**2 - 19*u + 18. What is the tens digit of h(7)?
3
Let z(n) = 2*n**2 + 17*n + 12. What is the tens digit of z(-11)?
6
Let o(m) = 2*m**3 - 5*m**2 - 18*m + 15. What is the hundreds digit of o(7)?
3
Let d = 18 + -18. Let z(m) = 2*m**2 + m - 1. Let h be z(-2). Suppose d = h*t - 2*o - 25, t = -5*o + 4*o + 12. What is the units digit of t?
7
What is the tens digit of (-175)/14*(-48)/5?
2
Suppose 4*n - 9*n + 40 = 0. Let r = n - 5. What is the units digit of (r - 9/5)*5?
6
Let z be 2/((8/(-212))/(-1)). Suppose 5 = -3*r + z. What is the tens digit of r?
1
Let u = 3 - -4. What is the units digit of 93/u - (-4)/(-14)?
3
Suppose 8*u = 2*u + 2058. What is the tens digit of u?
4
Let q(s) = -12*s + 17. What is the units digit of q(-4)?
5
Let q(n) = -59*n - 43. What is the units digit of q(-8)?
9
Let d be 2/(-9) + (-47)/(-9). Let o(v) = v 